. Let o = -345 + 365. Calculate the greatest common divisor of d and o.
20
Suppose -3*f + 10 + 86 = 0. Suppose u = 3*j - f, 5*u = -3*j + 4*u + 28. What is the highest common factor of j and 10?
10
Let a(q) = -6*q**2 + 6*q - 8. Let o be a(4). Let j be (-3)/9 - o/6. Calculate the highest common factor of j and 143.
13
Let i be 3/(60/128)*1050/140. Let b = 0 - -12. What is the greatest common divisor of i and b?
12
Let s = -12 + 15. Suppose -3*q - 4 = 2*m, 0 = -s*m + 3*q - 18 - 3. Let c = m + 18. Calculate the highest common factor of c and 65.
13
Let j be (-5180)/(-25) - 28/(-35). Calculate the greatest common divisor of 26 and j.
26
Suppose 0 = 45*a - 44*a - 5. Calculate the greatest common divisor of a and 115.
5
Let c be (-5168)/(-9) + (-26)/117. What is the highest common factor of 246 and c?
82
Let n be 42/12*(-5)/(210/(-132)). What is the highest common divisor of n and 407?
11
Suppose -4*d = 4*u - 0*u - 792, 3*d - 4*u = 594. Let c = -69 - -76. Suppose -c*r + 148 + 6 = 0. Calculate the highest common factor of r and d.
22
Let s = 57 + -33. Suppose s = 23*k - 22*k. What is the greatest common factor of k and 84?
12
Let w(r) = -19*r + 19. Suppose 0 = -3*q - a - 21, -2*a + 6 = -0*a. Let i be w(q). What is the highest common factor of 19 and i?
19
Suppose 3*y - 8 - 171 = -5*q, -3*q - 2*y + 107 = 0. What is the greatest common divisor of q and 407?
37
Let r = 358 + -344. Calculate the highest common factor of 490 and r.
14
Let a be 3 + (8/(-2) - -3) + 5. What is the highest common divisor of a and 161?
7
Suppose 24*x - 14*x = 720. What is the highest common divisor of 168 and x?
24
Suppose 6*q - 89 = -59. Suppose 0 = -q*o + 236 - 71. Suppose -2*s + 7*s - 110 = 0. Calculate the greatest common factor of o and s.
11
Let v be (-714)/(-2) - (-18)/(252/(-70)). What is the highest common divisor of v and 11?
11
Suppose -4*w + 2*w - 730 = -5*c, 2*c + 3*w = 273. Let n = 212 - 148. Let p be n/((-16)/(-4)) + 0. What is the greatest common divisor of c and p?
16
Let u be (-12615)/(-3) + 0 + 3. Let d be 2/(-10) - u/(-40). Suppose 5*p = -3*m + 58, -2*m + 47 = -4*p + 1. What is the greatest common factor of m and d?
21
Suppose 10*w = -9 + 29. Suppose -k + 3*k = 0. Let d = 1 - k. What is the greatest common divisor of d and w?
1
Let b(v) = 8*v**3 - 2*v**2 - 4*v + 9. Let l be b(2). Calculate the highest common factor of 57 and l.
57
Let x be (-6 - 1 - -4) + 331. Calculate the highest common divisor of x and 41.
41
Let f = -11 + 53. Calculate the highest common factor of f and 609.
21
Let i be (-54)/(-2) + 0/(-3). What is the highest common divisor of i and 18?
9
Suppose 0 = -2*l + 3*v + 226, -3*l = 5*v - 0*v - 320. Let k = l + -74. Calculate the highest common factor of k and 180.
36
Suppose 0*h - 13*h + 481 = 0. What is the greatest common divisor of h and 9?
1
Suppose 0 = n + 3*l - 13, 0*l - l - 9 = -3*n. Suppose n*v + 38 = 5*w, -4*w = -4*v - 46 + 14. Let x = 2 + 0. Calculate the highest common divisor of x and w.
2
Suppose 0 = 3*n + n + 444. Let t = n - -276. Calculate the greatest common divisor of 33 and t.
33
Let l(d) = 2*d**3 + 12*d**2 - 5*d. Let y be l(-6). Suppose 2*t + 3*p = 7, -t + 6*t - 5*p = y. Calculate the greatest common factor of 15 and t.
5
Let v be ((-80)/100)/((-1)/5). Suppose -v*h = 5*b - 266, -6 = -4*h - 10. Calculate the highest common factor of b and 6.
6
Let c be 3 - (-2 + (4 - 1)). Suppose 0*t + 40 = c*t - 4*h, -3*t - 4*h = -50. Suppose -i + t = i. Calculate the highest common divisor of 81 and i.
9
Let i(b) = b**2 + 9*b + 15. Let m be i(-2). What is the greatest common factor of m and 8?
1
Let z = -60 - -135. Suppose -4*x = -z + 3. What is the greatest common divisor of x and 126?
18
Let p = -40 - -80. Let j = 3 - -2. Let w(x) = -x**2 + 5*x + 5. Let m be w(j). Calculate the highest common divisor of m and p.
5
Let h(w) = 2*w**3 - w**2 + w - 1. Let m be h(1). Let u = m + 10. Let d = u + -1. What is the greatest common divisor of 40 and d?
10
Let f = -2803 + 2845. Calculate the greatest common divisor of 189 and f.
21
Suppose -6*m = -3*m - 33. What is the highest common divisor of m and 143?
11
Let r = 0 - -28. Let x(z) = -2*z - 46. Let y be x(-23). Suppose 3*w = 12, -5*w = 3*p - y*w - 62. What is the highest common divisor of p and r?
14
Suppose 0 = 10*g - 118 - 12. Calculate the greatest common factor of 4 and g.
1
Suppose 0 = q + 1, r = 4*q + 18 + 6. Calculate the highest common factor of r and 10.
10
Suppose 0 = -32*x + 987 + 69. What is the greatest common divisor of x and 165?
33
Suppose -i + 75 = y - 0, 4*i - 300 = 2*y. Let h = 11 + -4. Let k = h + 8. What is the greatest common factor of i and k?
15
Suppose -1 = x - 5*g + 55, 3*g = -5*x - 336. Let v = x + 91. What is the greatest common factor of v and 275?
25
Suppose -2*q = 264 - 812. What is the highest common divisor of q and 2?
2
Let r = -92 + 242. Suppose -4*s - s + r = 0. Calculate the highest common divisor of s and 15.
15
Suppose -130 = -m - l, -m = 4*m + 2*l - 656. Suppose 4*u + 32 = m. Let g = u + -17. What is the greatest common factor of 12 and g?
4
Let g(b) = -12*b**2 + 26 + 33 - 54 + 2*b**3. Let o be g(6). Let c(k) = -k**3 + 6*k**2 - 6*k + 2. Let s be c(4). What is the highest common divisor of s and o?
5
Suppose 1 = -6*t + 7*t. Suppose -k + 3 = -t. Suppose 3*d + 4*g - 47 = 0, d - 4 - 9 = -k*g. What is the highest common factor of 17 and d?
17
Suppose 30 = 2*q - 3*b, -q + 32 = 2*q + 2*b. Let d = 35 + -28. Suppose -2*w = -d + 1. What is the highest common factor of w and q?
3
Let u be (2 + 2)/((-6)/1941). Let l = u - -595. Let t be (-2)/(-10) + l/(-5). Calculate the highest common divisor of t and 20.
20
Let t = 454 + -434. What is the greatest common divisor of 76 and t?
4
Let q(f) = -f - 6. Let k(l) = -5*l - 29. Let d(s) = 2*k(s) - 11*q(s). Let n be d(6). What is the greatest common factor of 70 and n?
14
Let u = 51 - 69. Let w = 29 + u. What is the highest common divisor of 11 and w?
11
Let l be 14/4 + 3/(-6). Suppose -3*f + f - 42 = -2*u, f - l = 0. What is the highest common divisor of u and 6?
6
Let j(y) be the second derivative of -4*y**3/3 - 6*y. Let f be j(-9). Calculate the highest common divisor of f and 9.
9
Let k = 302 - 59. What is the highest common factor of k and 27?
27
Suppose -116*a = -25*a - 27846. Calculate the greatest common factor of 18 and a.
18
Let m be 3 - (-1)/(-1)*0. Let p(k) = -3*k**2 + 53*k - 4*k**2 + 46*k + 5 + 2*k**3 - 112*k. Let w be p(5). What is the greatest common divisor of m and w?
3
Suppose 2*c - 28 = 4*l, -5*c + 120 = -2*l + 18. Let k(u) = 12*u**2 + 3*u - 11. Let i be k(-3). What is the greatest common factor of i and c?
22
Let h = 23 + -2. Let k be -81*7/((-21)/(-2)). Let i be (-3400)/(-18) + (-6)/k. What is the greatest common divisor of h and i?
21
Suppose -2*b = 0, -16*b + 12*b = -c + 252. What is the greatest common factor of c and 56?
28
Let j(z) = -20*z + 34. Let c be j(0). What is the highest common divisor of 374 and c?
34
Let k = -13 - -8. Let v be 4/10 + 7/k. Let u be (-280)/14*v/2. Calculate the greatest common divisor of u and 20.
10
Let q(b) = -176*b**3 - b**2 + b + 1. Suppose -s - 4*j = -7 - 4, 5*j = 5*s + 20. Let w be q(s). What is the greatest common factor of w and 70?
35
Let i(q) = 2*q**2 + 6*q + 6. Let u be i(-4). Let l(k) = -k**3 + 6*k**2 + 62*k - 333. Let g be l(5). What is the greatest common divisor of u and g?
2
Let y = -31 - -33. Suppose 2*i = -y*l + 294, i - 4*i + 5*l = -409. What is the greatest common factor of i and 13?
13
Let l be 2 + (-1*20)/5. Let v = l + 18. What is the greatest common factor of 16 and v?
16
Let a = -8 - -10. Suppose a*r + 8 = -4*h, 3*h - 96 = 5*r - 24. Let t(c) = -2*c - 14. Let o be t(r). Calculate the highest common factor of o and 25.
5
Suppose -2*j = 0, -4*v + 8*j = 7*j - 352. Calculate the highest common divisor of v and 209.
11
Let f(l) be the third derivative of l**6/120 + l**4/8 + l**3/2 - 2*l**2. Let m be f(5). Let p = -31 + m. What is the highest common factor of p and 14?
14
Let o(f) = f**3 - 4*f**2 - 2*f + 2. Let g be o(4). Let l = 8 + g. Let p = 7 - l. Calculate the greatest common divisor of 10 and p.
5
Suppose 7*u = 4*u + 5*z + 16, 5*u - 2*z = 52. Calculate the highest common divisor of 39 and u.
3
Let o = -453 + 466. Suppose 0 = -z + 5*c + 46 - 0, 4*z = 